 9 = 12*n + s. Give r(n).
-5
Let m(w) be the third derivative of 0*w + 0 - 1/6*w**3 - 1/6*w**4 - 2*w**2. Let h be 3 - 3 - (-5)/(5/2). Give m(h).
-9
Let x(i) = 10*i + 28. Let v = -80 - -77. Let g be x(v). Let o(t) = -t + 1. Calculate o(g).
3
Let i(n) = 2*n**3 + 7*n**2 - 5. Let d(z) = z**3 + z**2 - 1. Let k(h) = 3*d(h) - i(h). Suppose u + 7 = -l, 3*l - 4*u = -2*l - 8. Let p = -1 - l. Calculate k(p).
-7
Let m(l) = -3*l**3 - 2*l**2 + l. Let b(s) = -s**2 + 2*s - s**2 - 3 + 7*s. Let x be b(4). What is m(x)?
-4
Let z(g) = 2 - 18*g + 36*g + 6*g. Determine z(-2).
-46
Let x(d) be the third derivative of -d**6/120 - d**5/15 - d**4/6 - d**3/6 - 5*d**2 - 3*d. What is x(-3)?
2
Let t(u) = 8*u**2 - u - 3. Let w(r) = 0 - 5*r**2 - 1 + r + 5 - 3*r**2. Let g(i) = 3*t(i) + 2*w(i). What is g(-1)?
8
Let q = -28 + 18. Let o(g) be the second derivative of -g**4/12 - 11*g**3/6 - 11*g**2/2 + 2*g - 2. Determine o(q).
-1
Let r(a) = -2*a**3 + 2*a**2 + 2*a - 2. Let j = -21 - -29. Let l be 5/(10/j) - 2. Give r(l).
-6
Let l(n) = 2*n - 1. Let k(s) = s**2 + 5*s - 25. Let d be k(-8). Let h be (d - 5/10)*-2. Calculate l(h).
5
Let z(f) = -7*f**2 + 7*f**2 - 7*f - 3 + 0 - f**2. Let j = 0 - -2. Suppose j = 2*r - 4*t, 2*t = -2*r + 3*t - 7. Give z(r).
7
Let h(r) = 20 - 21 - 49*r**3 + 18*r**3 - 63*r + 65*r. What is h(1)?
-30
Let h(i) = 12*i + 2*i - 12 - 4*i - 11*i. Let d be (-2)/2 + (1 - 0). Calculate h(d).
-12
Let a(w) = 3*w**2 + 30 - 19 + w**3 - 6 - 6. What is a(-4)?
-17
Let y(w) = -9*w + 15. Let m be y(11). Let z be (m/18)/(4/(-6)). Let q(r) = -6*r - 4. Let a(c) = c**2 + c - 1. Let d(o) = a(o) + q(o). What is d(z)?
9
Suppose 2*t = y + 10, 0 = 4*y + y + 2*t + 14. Let d be 48/(-64) + 17/y. Let b(s) = s**3 + 5*s**2 + 7. Determine b(d).
7
Let m(l) = -l**3. Let c(q) = -5*q**3 - 2*q - 3. Let o(z) = -c(z) + 6*m(z). Let i be o(-2). Let s(t) = t**2 - 8*t + 8. Determine s(i).
1
Let z(y) be the first derivative of y**3/3 + y**2 - 12. Let c be (1 - (-9 - -6)) + -5. Calculate z(c).
-1
Let u(c) = -c + 1. Let i(k) = k**2 - 4*k + 6. Suppose -5*d + 14 = -g, d - 4*d = -5*g - 4. Suppose -16 = -d*t - t. Let a be i(t). What is u(a)?
-5
Suppose 0 = -2*a - 12 + 22. Let w(l) = 4*l + 3 + 0*l**2 - 2*l**2 + a*l**2. Determine w(-2).
7
Let o(q) = -2*q - 2. Let n be o(-2). Suppose -z - 6 = n*z. Let m(p) = -p**3 - 4*p**2 - 2*p + 2. Let j be m(z). Let r(s) = s**2 - 1. Give r(j).
3
Let d(k) = 3*k**3 + 3*k**2 + 4*k - 4. Let h be d(0). Let a(v) be the third derivative of v**6/120 + v**5/12 + v**4/8 - 2*v**3/3 - v**2. What is a(h)?
0
Let x(r) = -r**2 - 9*r + 4. Let o be x(-6). Let f = -24 + o. Let s(j) = -3*j**2 - j + 1. Give s(f).
-9
Suppose -335*w + 136 = -162*w - 156*w. Let x(u) = 4*u - 46. Let y(r) = -r + 9. Let l(c) = -3*x(c) - 16*y(c). Determine l(w).
26
Let q(m) = m**2 + 26. Suppose -3*v = 6*w - w - 5, 0 = 4*v - w + 1. What is q(v)?
26
Let b(t) be the second derivative of 2/3*t**3 + 0 - 1/20*t**5 - 2*t + 1/2*t**2 + 0*t**4. What is b(-3)?
16
Let q(f) be the third derivative of -f**6/120 - f**5/12 - f**4/12 + 2*f**3/3 - 4*f**2 + 4*f. Give q(-4).
-4
Let x(c) be the third derivative of c**4/24 + 13*c**3/6 + c**2 - 89*c. Calculate x(0).
13
Let g(h) be the first derivative of h**2 - 7*h - 81. Give g(8).
9
Let j(d) = d**3 - 5*d**2 - 7*d + 8. Let g be j(6). Let o(q) = -5*q + 5 - 5 + g - 3. Calculate o(3).
-16
Let s = -117 - -125. Let z = s + -3. Let u(p) = p**3 - 5*p**2 + 3*p + 3. What is u(z)?
18
Let j(n) = -2*n + 8. Suppose -5*m = -4*q + 4, 0 = -5*q + m - 75 + 59. Determine j(q).
16
Let q(m) be the third derivative of -7*m**4/24 + 5*m**3/6 - 355*m**2. Calculate q(-4).
33
Let l(b) = -b + 2. Let k(c) = -c**2 - 8*c - 9. Suppose -h - h - 3*w + 8 = 0, -15 = -h + 4*w. Let v = h + -14. Let n be k(v). What is l(n)?
4
Let b(s) = -17*s**3 + 8*s**2 - 8*s + 8. Let c(a) = -6*a**3 + 3*a**2 - 3*a + 3. Let i(j) = -4*b(j) + 11*c(j). Give i(1).
3
Let p(t) = t**3 + 2*t**2 - 4*t + 3. Let v be p(-3). Suppose 30 = -6*z - v. Let q(r) = -r**3 - 5*r**2 + 4*r + 4. What is q(z)?
16
Let m(k) = -4*k**2 + 20*k + 3. Let q(x) = 3*x**2 - 20*x - 2. Let a(r) = -5*m(r) - 6*q(r). Let f be a(-10). Let u(s) = -s - 4 + 0*s + 3*s. Give u(f).
-10
Suppose -4 = -m - 2, 0 = -g - 3*m + 8. Let h(a) = a - 5*a**2 + a**g - 44*a**3 + 6 + 43*a**3 - a**2. Calculate h(-5).
1
Let g(v) = v**3 + 6*v**2 + 4*v - 4. Let f(b) = -b**2 - 7*b - 16. Let x be f(-4). Determine g(x).
12
Let x(h) be the first derivative of -h**4/4 - 5*h**3/3 - h**2 + 2*h - 1. Let v be (0 + 12)*14/(-42). What is x(v)?
-6
Let t be (10 + -6)*1/4. Suppose -t + 5 = 2*m. Let k(u) = -3 - u**m + 6 + 3 - 10 + 3*u. Calculate k(3).
-4
Let m(c) be the third derivative of 0 + 1/24*c**4 - 5/6*c**3 + 16*c**2 + 0*c. Give m(6).
1
Let i(b) be the first derivative of -b**4/2 - b**3 + 3*b**2/2 + 4*b + 97. Give i(-3).
22
Let f(z) = 2*z + 1. Suppose 0 = 2*o - b, -241*b - 10 = -4*o - 244*b. Calculate f(o).
3
Let u(v) be the second derivative of -v**3/6 - 8*v**2 + 2*v - 49. Give u(-7).
-9
Let a(k) be the first derivative of -k**3/3 + 5*k**2/2 - 5*k + 188. Suppose 6*o = o - 40. Let l = -4 - o. Give a(l).
-1
Let w(q) = -q**2 + 6*q. Let k(m) = 5*m + 5. Let n be k(-2). Let o = -4 - n. Suppose 2*f = h - 12 + o, -3*h - 3*f = -6. What is w(h)?
5
Let z = -106 + 110. Let l(y) = -5*y + z*y - 3 - 3. Suppose 20 = -2*m + m - 3*o, m + 12 = -o. Give l(m).
2
Suppose 12*n - 9*n = -3. Let m(h) = h**2 - h. Let r(i) = -5*i**2 + 5*i - 8. Let u(g) = n*r(g) - 6*m(g). Determine u(6).
-22
Let k(l) = 3*l - 13. Let y(i) = -2*i + 7. Let s(a) = -a**2 + 23*a - 26. Let t be s(22). Let n(x) = t*k(x) - 7*y(x). Calculate n(5).
13
Let y(z) = -30 + 14 + 9 + z. Give y(5).
-2
Let q(g) = -3*g. Let c(l) = -4*l - 3. Let h(k) = 3*c(k) - 5*q(k). Give h(5).
6
Let n(g) = -52 + g + 12 + 14 + 15 + 12. Suppose 3*t = -4 - 20. What is n(t)?
-7
Let z(f) = 0*f + 5 - f - 2*f + 3. Let d(s) = 4*s - 7. Let a(r) = -4*d(r) - 5*z(r). Determine a(-5).
-7
Let w(m) = 2*m - 1. Suppose -4 = -3*o + 5, -2*g - 5*o + 59 = 0. Let t = -14 + g. Suppose 7*v + t = 3*v, l - v = 6. Determine w(l).
7
Let k(o) = -1 + 7*o + 24*o - 22*o + o**2. What is k(-11)?
21
Suppose -14 = 3*a - 5*a + 5*x, 4*a + 5*x = -2. Suppose 0 = -3*u - 0*u - a*u. Let z(q) = q**2 + 2 + 0*q**2 + 8. Calculate z(u).
10
Let s(k) = -4*k**3 - 2*k**2 - 4*k. Suppose 0 = -3*m + 5*y - 1, -43 = 5*m - 4*y + 6*y. Let i(p) = 9*p**3 + 3*p**2 + 9*p. Let o(z) = m*s(z) - 3*i(z). Give o(-2).
10
Let a = 0 - -2. Let b(z) be the first derivative of -5*z**2/2 - 2*z - 141. Calculate b(a).
-12
Let q(a) = -115 + a + 61 + 58. Determine q(0).
4
Suppose -2 - 2 = 2*i - 2*f, 2*f = -4*i + 16. Suppose 2*n - 16 = -2*n + 3*l, -6 = -i*n + l. Suppose -4*p = -9 + n. Let s(t) = -t**2 + 2*t - 1. What is s(p)?
-1
Let i(c) = 12*c. Let h(s) = 13*s + 1. Let q(y) = -2*h(y) + 3*i(y). Calculate q(2).
18
Let f(v) = 76*v - 1 + 3 + 79*v - 154*v. Give f(2).
4
Let l(z) be the second derivative of z**4/12 + z**3/3 + 5*z**2/2 + 336*z. Give l(-3).
8
Suppose -5*t - 4 = 3*i - 0, -4*t = -5*i - 19. Let d(g) = -2*g + 3. Determine d(i).
9
Let g(n) = -n**2 - 2*n + 4. Suppose -j + 3*i = -11, -3*j + 31*i = 28*i - 3. Calculate g(j).
-4
Let k(n) = -n**3 + 2*n**2 + 1. Suppose 2*o = 7*o + 15. Let s = 5 + o. Suppose 6 = 5*m + s*w - 13, -3*w = -3*m + 3. Give k(m).
-8
Let o(g) = -g**2 - g + 16. Let k(b) = -2*b**2 - 12*b - 18. Let i be k(-3). Determine o(i).
16
Let p(i) = -i - 9. Suppose -6*d - 5*d = 154. Determine p(d).
5
Let l(x) be the second derivative of 5*x**3/6 - x**2/2 + 12*x. Let d(t) = -t**2 + 2*t + 1. Let i be d(0). Calculate l(i).
4
Let i(z) = z**3 + 3*z**2 - z - 5. Suppose -4*t + 3*f - 16 = 0, 5 = -t + 4*f + 1. What is i(t)?
-17
Let s(v) be the third derivative of -v**4/6 + 14*v**3/3 - 36*v**2. Let r(t) = t - 9. Let q(p) = -7*r(p) - 2*s(p). What is q(-8)?
-1
Let x(b) = -2*b**3 - b**2 - 2*b + 2. Suppose -8 - 2 = -5*y. Give x(y).
-22
Let z = 2321 - 2330. Let x(o) = o**2 + 13*o - 5. Let k(b) = -b**2 - 12*b + 6. Let j(i) = -5*k(i) - 4*x(i). Give j(z).
-1
Let r(w) = w**2 - 1. Let l(i) = i**3 + 2*i**2 + 2*i + 5. Let t(h) = -l(h) - 6*r(h). What is t(-8)?
17
Let n(z) = -6*z - 2. Suppose -2 = 8*d - 6*d. Calculate n(d).
4
Let h(x) be the second derivative of -3*x**4/4 - x**3/6 + x**2 - 280*x. What is h(-2)?
-32
Let l be (-2 + 0)/(12*(-2)/(-72)). Let c(h) = h**3 + 4*h**2 - 10*h + 6. Give c(l)